of 1384?
8
What is the hundreds digit of 826?
8
What is the hundreds digit of 20554?
5
What is the ten thousands digit of 11456?
1
What is the hundreds digit of 1362?
3
What is the tens digit of 664?
6
What is the tens digit of 92219?
1
What is the hundreds digit of 8068?
0
What is the thousands digit of 1130?
1
What is the hundreds digit of 1148?
1
What is the tens digit of 1041?
4
What is the tens digit of 581?
8
What is the hundreds digit of 4076?
0
What is the tens digit of 625?
2
What is the tens digit of 10793?
9
What is the units digit of 701?
1
What is the units digit of 1240?
0
What is the hundreds digit of 1707?
7
What is the hundreds digit of 2952?
9
What is the units digit of 148?
8
What is the hundreds digit of 1369?
3
What is the units digit of 51743?
3
What is the ten thousands digit of 21547?
2
What is the thousands digit of 26807?
6
What is the hundreds digit of 71353?
3
What is the units digit of 1694?
4
What is the units digit of 10300?
0
What is the tens digit of 5634?
3
What is the units digit of 2511?
1
What is the tens digit of 9447?
4
What is the units digit of 764?
4
What is the tens digit of 22012?
1
What is the hundreds digit of 751?
7
What is the units digit of 141?
1
What is the tens digit of 37875?
7
What is the units digit of 1427?
7
What is the units digit of 4707?
7
What is the ten thousands digit of 65748?
6
What is the hundreds digit of 526?
5
What is the hundreds digit of 557?
5
What is the hundreds digit of 3453?
4
What is the thousands digit of 5968?
5
What is the units digit of 6126?
6
What is the hundreds digit of 257?
2
What is the tens digit of 67119?
1
What is the hundreds digit of 4915?
9
What is the units digit of 916?
6
What is the units digit of 1491?
1
What is the tens digit of 14829?
2
What is the units digit of 8800?
0
What is the tens digit of 3489?
8
What is the tens digit of 39419?
1
What is the ten thousands digit of 25869?
2
What is the units digit of 17805?
5
What is the hundreds digit of 52090?
0
What is the units digit of 7311?
1
What is the ten thousands digit of 22154?
2
What is the units digit of 11873?
3
What is the hundreds digit of 900?
9
What is the tens digit of 1878?
7
What is the units digit of 17026?
6
What is the units digit of 5775?
5
What is the units digit of 250?
0
What is the units digit of 97?
7
What is the tens digit of 466?
6
What is the units digit of 1812?
2
What is the thousands digit of 72670?
2
What is the hundreds digit of 40180?
1
What is the hundreds digit of 348?
3
What is the units digit of 3217?
7
What is the ten thousands digit of 65936?
6
What is the hundreds digit of 1315?
3
What is the ten thousands digit of 64896?
6
What is the thousands digit of 23779?
3
What is the ten thousands digit of 21632?
2
What is the units digit of 85?
5
What is the tens digit of 42973?
7
What is the hundreds digit of 2153?
1
What is the ten thousands digit of 66101?
6
What is the tens digit of 3996?
9
What is the tens digit of 1504?
0
What is the thousands digit of 53909?
3
What is the tens digit of 4481?
8
What is the thousands digit of 45278?
5
What is the tens digit of 44?
4
What is the ten thousands digit of 87502?
8
What is the tens digit of 1795?
9
What is the tens digit of 119?
1
What is the hundreds digit of 12295?
2
What is the hundreds digit of 86413?
4
What is the hundreds digit of 4374?
3
What is the tens digit of 734?
3
What is the tens digit of 19306?
0
What is the thousands digit of 1006?
1
What is the units digit of 921?
1
What is the units digit of 37674?
4
What is the hundreds digit of 1286?
2
What is the hundreds digit of 2205?
2
What is the hundreds digit of 114735?
7
What is the tens digit of 3097?
9
What is the units digit of 4121?
1
What is the ten thousands digit of 14447?
1
What is the hundreds digit of 7691?
6
What is the units digit of 1151?
1
What is the units digit of 418?
8
What is the hundreds digit of 6013?
0
What is the units digit of 1096?
6
What is the units digit of 105554?
4
What is the thousands digit of 6633?
6
What is the units digit of 65309?
9
What is the tens digit of 112?
1
What is the hundreds digit of 2304?
3
What is the tens digit of 9909?
0
What is the tens digit of 644?
4
What is the hundreds digit of 2609?
6
What is the thousands digit of 2522?
2
What is the tens digit of 2871?
7
What is the hundreds digit of 2522?
5
What is the thousands digit of 15647?
5
What is the units digit of 3162?
2
What is the tens digit of 6280?
8
What is the units digit of 48058?
8
What is the tens digit of 231?
3
What is the hundreds digit of 3222?
2
What is the hundreds digit of 7683?
6
What is the thousands digit of 6742?
6
What is the thousands digit of 2759?
2
What is the hundreds digit of 10072?
0
What is the hundreds digit of 3610?
6
What is the hundreds digit of 11385?
3
What is the hundreds digit of 1908?
9
What is the hundreds digit of 10430?
4
What is the hundreds digit of 1421?
4
What is the hundreds digit of 584?
5
What is the hundreds digit of 399?
3
What is the thousands digit of 2768?
2
What is the ten thousands digit of 18191?
1
What is the hundred thousands digit of 158803?
1
What is the hundreds digit of 131?
1
What is the hundreds digit of 38808?
8
What is the thousands digit of 5825?
5
What is the tens digit of 12632?
3
What is the tens digit of 137?
3
What is the thousands digit of 91698?
1
What is the units digit of 33450?
0
What is the hundreds digit of 1262?
2
What is the tens digit of 1744?
4
What is the tens digit of 9385?
8
What is the hundreds digit of 1149?
1
What is the hundreds digit of 215?
2
What is the tens digit of 304?
0
What is the thousands digit of 2968?
2
What is the thousands digit of 47551?
7
What is the thousands digit of 37743?
7
What is the units digit of 57876?
6
What is the hundreds digit of 6188?
1
What is the thousands digit of 5545?
5
What is the tens digit of 127?
2
What is the tens digit of 34563?
6
What is the hundreds digit of 6320?
3
What is the ten thousands digit of 41454?
4
What is the ten thousands digit of 11923?
1
What is the hundreds digit of 3054?
0
What is the tens digit of 44278?
7
What is the ten thousands digit of 12148?
1
What is the tens digit of 2386?
8
What is the units digit of 22443?
3
What is the units digit of 136734?
4
What is the units digit of 3826?
6
What is the hundreds digit of 1654?
6
What is the hundreds digit of 15172?
1
What is the ten thousands digit of 42104?
4
What is the units digit of 68224?
4
What is the tens digit of 1216?
1
What is the hundreds digit of 27820?
8
What is the units digit of 20057?
7
What is the units digit of 1541?
1
What is the hundreds digit of 52772?
7
What is the units digit of 2864?
4
What is the tens digit of 805?
0
What is the ten thousands digit of 94245?
9
What is the ten thousands digit of 26720?
2
What is the units digit of 6728?
8
What is the thousands digit of 16862?
6
What is the ten thousands digit of 68106?
6
What is the units digit of 664?
4
What is the tens digit of 700?
0
What is the ten thousands digit of 72123?
7
What is the units digit of 738?
8
What is the units digit of 6496?
6
What is the thousands digit of 74123?
4
What is the thousands digit of 30370?
0
What is the hundreds digit of 969?
9
What is the units digit of 585?
5
What is the tens digit of 202?
0
What is the thousands digit of 1614?
1
What is the hundreds digit of 44753?
7
What is the hundreds digit of 815?
8
What is the hundreds digit of 28579?
5
What is the thousands digit of 6972?
6
What is the hundreds digit of 520?
5
What is the thousands digit of 105789?
5
What is the units digit of 4854?
4
What is the thousands digit of 84290?
4
What is the thousands digit of 39869?
9
What is the thousands digit of 9998?
9
What is the hundreds digit of 533?
5
What is the hundreds digit of 3628?
6
What is the thousands digit of 34256?
4
What is the tens digit of 25930?
3
What is the thousands digit of 7414?
7
What is the tens digit of 2200?
0
What is the units digit of 38?
8
What is the tens digit of 3366?
6
What is the tens digit of 896?
9
What is the hundreds digit of 1673?
6
What is the units digit of 12958?
8
What is the units digit of 24?
4
What is the thousands digit of 57005?
7
What is the units digit of 98811?
1
What is the ten thousands digit of 11753?